[INFO] cloning repository https://github.com/robcampbell79/murder_mystery
[INFO] running `Command { std: "git" "-c" "credential.helper=" "-c" "credential.helper=/workspace/cargo-home/bin/git-credential-null" "clone" "--bare" "https://github.com/robcampbell79/murder_mystery" "/workspace/cache/git-repos/https%3A%2F%2Fgithub.com%2Frobcampbell79%2Fmurder_mystery", kill_on_drop: false }`
[INFO] [stderr] Cloning into bare repository '/workspace/cache/git-repos/https%3A%2F%2Fgithub.com%2Frobcampbell79%2Fmurder_mystery'...
[INFO] running `Command { std: "git" "rev-parse" "HEAD", kill_on_drop: false }`
[INFO] [stdout] 05ec998f67c5db4845983668a92cc0017afe1d85
[INFO] checking robcampbell79/murder_mystery against try#72f88fc4e9458f89516a0b8b0868f3718aec5b47 for pr-74989
[INFO] running `Command { std: "git" "clone" "/workspace/cache/git-repos/https%3A%2F%2Fgithub.com%2Frobcampbell79%2Fmurder_mystery" "/workspace/builds/worker-5/source", kill_on_drop: false }`
[INFO] [stderr] Cloning into '/workspace/builds/worker-5/source'...
[INFO] [stderr] done.
[INFO] validating manifest of git repo https://github.com/robcampbell79/murder_mystery on toolchain 72f88fc4e9458f89516a0b8b0868f3718aec5b47
[INFO] running `Command { std: "/workspace/cargo-home/bin/cargo" "+72f88fc4e9458f89516a0b8b0868f3718aec5b47" "read-manifest" "--manifest-path" "Cargo.toml", kill_on_drop: false }`
[INFO] started tweaking git repo https://github.com/robcampbell79/murder_mystery
[INFO] finished tweaking git repo https://github.com/robcampbell79/murder_mystery
[INFO] tweaked toml for git repo https://github.com/robcampbell79/murder_mystery written to /workspace/builds/worker-5/source/Cargo.toml
[INFO] crate git repo https://github.com/robcampbell79/murder_mystery already has a lockfile, it will not be regenerated
[INFO] running `Command { std: "/workspace/cargo-home/bin/cargo" "+72f88fc4e9458f89516a0b8b0868f3718aec5b47" "fetch" "--locked" "--manifest-path" "Cargo.toml", kill_on_drop: false }`
[INFO] running `Command { std: "docker" "create" "-v" "/var/lib/crater-agent-workspace/builds/worker-5/target:/opt/rustwide/target:rw,Z" "-v" "/var/lib/crater-agent-workspace/builds/worker-5/source:/opt/rustwide/workdir:ro,Z" "-v" "/var/lib/crater-agent-workspace/cargo-home:/opt/rustwide/cargo-home:ro,Z" "-v" "/var/lib/crater-agent-workspace/rustup-home:/opt/rustwide/rustup-home:ro,Z" "-e" "SOURCE_DIR=/opt/rustwide/workdir" "-e" "CARGO_TARGET_DIR=/opt/rustwide/target" "-e" "CARGO_HOME=/opt/rustwide/cargo-home" "-e" "RUSTUP_HOME=/opt/rustwide/rustup-home" "-w" "/opt/rustwide/workdir" "-m" "1610612736" "--user" "0:0" "--network" "none" "rustops/crates-build-env@sha256:d92eaeed33fa75130ca1ee6c8a01d1ffb62bac859dfdfb3450e3e5d1c0146529" "/opt/rustwide/cargo-home/bin/cargo" "+72f88fc4e9458f89516a0b8b0868f3718aec5b47" "metadata" "--no-deps" "--format-version=1", kill_on_drop: false }`
[INFO] [stdout] 309bde9d91af5b38445f7c024aac2f0d48f20bc47d3bec33c1621c7bf6afa086
[INFO] [stderr] WARNING: Your kernel does not support swap limit capabilities or the cgroup is not mounted. Memory limited without swap.
[INFO] running `Command { std: "docker" "start" "-a" "309bde9d91af5b38445f7c024aac2f0d48f20bc47d3bec33c1621c7bf6afa086", kill_on_drop: false }`
[INFO] running `Command { std: "docker" "inspect" "309bde9d91af5b38445f7c024aac2f0d48f20bc47d3bec33c1621c7bf6afa086", kill_on_drop: false }`
[INFO] running `Command { std: "docker" "rm" "-f" "309bde9d91af5b38445f7c024aac2f0d48f20bc47d3bec33c1621c7bf6afa086", kill_on_drop: false }`
[INFO] [stdout] 309bde9d91af5b38445f7c024aac2f0d48f20bc47d3bec33c1621c7bf6afa086
[INFO] running `Command { std: "docker" "create" "-v" "/var/lib/crater-agent-workspace/builds/worker-5/target:/opt/rustwide/target:rw,Z" "-v" "/var/lib/crater-agent-workspace/builds/worker-5/source:/opt/rustwide/workdir:ro,Z" "-v" "/var/lib/crater-agent-workspace/cargo-home:/opt/rustwide/cargo-home:ro,Z" "-v" "/var/lib/crater-agent-workspace/rustup-home:/opt/rustwide/rustup-home:ro,Z" "-e" "SOURCE_DIR=/opt/rustwide/workdir" "-e" "CARGO_TARGET_DIR=/opt/rustwide/target" "-e" "CARGO_INCREMENTAL=0" "-e" "RUST_BACKTRACE=full" "-e" "RUSTFLAGS=--cap-lints=forbid" "-e" "CARGO_HOME=/opt/rustwide/cargo-home" "-e" "RUSTUP_HOME=/opt/rustwide/rustup-home" "-w" "/opt/rustwide/workdir" "-m" "1610612736" "--user" "0:0" "--network" "none" "rustops/crates-build-env@sha256:d92eaeed33fa75130ca1ee6c8a01d1ffb62bac859dfdfb3450e3e5d1c0146529" "/opt/rustwide/cargo-home/bin/cargo" "+72f88fc4e9458f89516a0b8b0868f3718aec5b47" "check" "--frozen" "--all" "--all-targets" "--message-format=json", kill_on_drop: false }`
[INFO] [stdout] ab88c645eff96d0dc6272d53d92a7bc3eb55d50f3022febd5641dae24e4b93f5
[INFO] [stderr] WARNING: Your kernel does not support swap limit capabilities or the cgroup is not mounted. Memory limited without swap.
[INFO] running `Command { std: "docker" "start" "-a" "ab88c645eff96d0dc6272d53d92a7bc3eb55d50f3022febd5641dae24e4b93f5", kill_on_drop: false }`
[INFO] [stderr]    Compiling libc v0.2.62
[INFO] [stderr]     Checking c2-chacha v0.2.2
[INFO] [stderr]     Checking getrandom v0.1.12
[INFO] [stderr]     Checking rand_core v0.5.1
[INFO] [stderr]     Checking rand_chacha v0.2.1
[INFO] [stderr]     Checking rand v0.7.2
[INFO] [stderr]     Checking murder_mystery v0.1.0 (/opt/rustwide/workdir)
[INFO] [stdout] warning: unused import: `std::io::prelude::*`
[INFO] [stdout]  --> src/lib.rs:3:5
[INFO] [stdout]   |
[INFO] [stdout] 3 | use std::io::prelude::*;
[INFO] [stdout]   |     ^^^^^^^^^^^^^^^^^^^
[INFO] [stdout]   |
[INFO] [stdout]   = note: `#[warn(unused_imports)]` on by default
[INFO] [stdout] 
[INFO] [stdout] 
[INFO] [stdout] warning: unused import: `std::io::prelude::*`
[INFO] [stdout]  --> src/lib.rs:3:5
[INFO] [stdout]   |
[INFO] [stdout] 3 | use std::io::prelude::*;
[INFO] [stdout]   |     ^^^^^^^^^^^^^^^^^^^
[INFO] [stdout]   |
[INFO] [stdout]   = note: `#[warn(unused_imports)]` on by default
[INFO] [stdout] 
[INFO] [stdout] 
[INFO] [stdout] error[E0507]: cannot move out of index of `Vec<Suspect>`
[INFO] [stdout]   --> src/lib.rs:45:25
[INFO] [stdout]    |
[INFO] [stdout] 45 |         Guilty {person: person[get_suspect], place: place[get_room], method: method[get_weapon]}
[INFO] [stdout]    |                         ^^^^^^^^^^^^^^^^^^^ move occurs because value has type `Suspect`, which does not implement the `Copy` trait
[INFO] [stdout] 
[INFO] [stdout] 
[INFO] [stdout] error[E0507]: cannot move out of index of `Vec<String>`
[INFO] [stdout]   --> src/lib.rs:45:53
[INFO] [stdout]    |
[INFO] [stdout] 45 |         Guilty {person: person[get_suspect], place: place[get_room], method: method[get_weapon]}
[INFO] [stdout]    |                                                     ^^^^^^^^^^^^^^^ move occurs because value has type `String`, which does not implement the `Copy` trait
[INFO] [stdout] 
[INFO] [stdout] 
[INFO] [stdout] error[E0507]: cannot move out of index of `Vec<String>`
[INFO] [stdout]   --> src/lib.rs:45:78
[INFO] [stdout]    |
[INFO] [stdout] 45 |         Guilty {person: person[get_suspect], place: place[get_room], method: method[get_weapon]}
[INFO] [stdout]    |                                                                              ^^^^^^^^^^^^^^^^^^ move occurs because value has type `String`, which does not implement the `Copy` trait
[INFO] [stdout] 
[INFO] [stdout] 
[INFO] [stdout] error[E0507]: cannot move out of index of `Vec<Suspect>`
[INFO] [stdout]   --> src/lib.rs:45:25
[INFO] [stdout]    |
[INFO] [stdout] 45 |         Guilty {person: person[get_suspect], place: place[get_room], method: method[get_weapon]}
[INFO] [stdout]    |                         ^^^^^^^^^^^^^^^^^^^ move occurs because value has type `Suspect`, which does not implement the `Copy` trait
[INFO] [stdout] 
[INFO] [stdout] 
[INFO] [stdout] error[E0507]: cannot move out of index of `Vec<String>`
[INFO] [stdout]   --> src/lib.rs:45:53
[INFO] [stdout]    |
[INFO] [stdout] 45 |         Guilty {person: person[get_suspect], place: place[get_room], method: method[get_weapon]}
[INFO] [stdout]    |                                                     ^^^^^^^^^^^^^^^ move occurs because value has type `String`, which does not implement the `Copy` trait
[INFO] [stdout] 
[INFO] [stdout] 
[INFO] [stdout] error[E0507]: cannot move out of index of `Vec<String>`
[INFO] [stdout]   --> src/lib.rs:45:78
[INFO] [stdout]    |
[INFO] [stdout] 45 |         Guilty {person: person[get_suspect], place: place[get_room], method: method[get_weapon]}
[INFO] [stdout]    |                                                                              ^^^^^^^^^^^^^^^^^^ move occurs because value has type `String`, which does not implement the `Copy` trait
[INFO] [stdout] 
[INFO] [stdout] 
[INFO] [stdout] error: aborting due to 3 previous errors; 1 warning emitted
[INFO] [stdout] 
[INFO] [stdout] 
[INFO] [stdout] For more information about this error, try `rustc --explain E0507`.
[INFO] [stdout] 
[INFO] [stdout] error: aborting due to 3 previous errors; 1 warning emitted
[INFO] [stdout] 
[INFO] [stdout] 
[INFO] [stdout] For more information about this error, try `rustc --explain E0507`.
[INFO] [stdout] 
[INFO] [stderr] error: could not compile `murder_mystery`.
[INFO] [stderr] 
[INFO] [stderr] To learn more, run the command again with --verbose.
[INFO] [stderr] warning: build failed, waiting for other jobs to finish...
[INFO] [stderr] error: build failed
[INFO] running `Command { std: "docker" "inspect" "ab88c645eff96d0dc6272d53d92a7bc3eb55d50f3022febd5641dae24e4b93f5", kill_on_drop: false }`
[INFO] running `Command { std: "docker" "rm" "-f" "ab88c645eff96d0dc6272d53d92a7bc3eb55d50f3022febd5641dae24e4b93f5", kill_on_drop: false }`
[INFO] [stdout] ab88c645eff96d0dc6272d53d92a7bc3eb55d50f3022febd5641dae24e4b93f5
